e first derivative of s(b). List the prime factors of n(2).
2
Let c be 2/(-8) + (-1629)/(-36). Suppose 16*k - 17*k = -c. What are the prime factors of k?
3, 5
Suppose -3*g - 29 = -0*q - 5*q, -4*q - 5*g = -38. What are the prime factors of q?
7
Let m = 159 + -74. List the prime factors of m.
5, 17
Let h be 7*(0 + (-12)/(-14)). Suppose 3*i = -0 + h. List the prime factors of 0 + i*7 + 0.
2, 7
Suppose k + 9*k - 2290 = 0. What are the prime factors of k?
229
Suppose -3*j + 10 = 4. Suppose -3 = -j*a - 7, 2*u - 4*a - 22 = 0. List the prime factors of u.
7
Let o = -4 + 9. Suppose 0 = -3*v + 2*w - 4, -2*v + o*v + 14 = 4*w. List the prime factors of 27/v*(-4)/(-6).
3
Suppose h = -2*h + 15. What are the prime factors of (-6)/h*40/(-3)?
2
Let j(n) = n + 2. Let c be j(-2). Suppose c = 2*v + 2*o - 18, -15 = 3*v - 4*v - 3*o. Let z(h) = h**2 - 5*h + 5. List the prime factors of z(v).
11
Let a be ((-3)/12)/(1/(-8)). Suppose 3*s - 125 = -a*s - 4*x, -s - x + 25 = 0. List the prime factors of s.
5
Let n(f) be the third derivative of -f**4/24 + f**3/2 + 6*f**2. Suppose -3 - 24 = 3*x. What are the prime factors of n(x)?
2, 3
Let u be -3 - (2 + -5) - -4. Suppose -u*k + 58 = 2. What are the prime factors of k?
2, 7
Let s(g) = -26*g - 4. Suppose -4*b + 2*v - 29 = -5, 3*b - v + 17 = 0. Let m be s(b). List the prime factors of m/(-4)*4/(-6).
3, 7
Suppose -2*m - 20 = m - 2*o, -4*o = -16. What are the prime factors of (-26)/m + 6/4?
2
Suppose 9 = 2*f + 1. Suppose 49 = f*l - 19. List the prime factors of l.
17
Suppose -b = -5*q - 4*b - 20, -2*q + 3*b - 8 = 0. Suppose -l = -2*y - 118, -4*l - 75 + 523 = -2*y. List the prime factors of q/(-6) + l/6.
19
Suppose -3 = -4*h + 3*m + 6, 0 = -4*m + 4. List the prime factors of h + -4 + 43 + 3.
3, 5
Let u(i) = -40*i + 0 + 43*i + 1 + 2*i**2. What are the prime factors of u(-3)?
2, 5
Let i = 6 + -6. Let n be i - 1 - (1 + 13). Let b = 6 - n. What are the prime factors of b?
3, 7
Suppose 3*d - 2 = -2*p - 21, -d + 4*p + 3 = 0. Let l(a) = a + 17. What are the prime factors of l(d)?
2, 3
Let l = -26 - -26. Suppose l = -2*g + 5*v + 66, -4*g - v + 6*v = -152. What are the prime factors of g?
43
Let h(l) = -l**2 + 2. Let x be h(3). Let n = x - -11. Suppose 4*u - 6*u = 3*t - 4, 4*u - 8 = -n*t. List the prime factors of u.
2
Suppose -2*y = 2*o - 16 - 102, -2*y + 112 = 4*o. List the prime factors of y.
2, 31
Let j(c) = c + 1. Let u(d) = -d + 3. Let h(x) = -6*j(x) + u(x). What are the prime factors of h(-3)?
2, 3
Let g(k) = k**2 + 2*k - 2. Let z be g(4). Let m = 1 + z. What are the prime factors of m?
23
Let d be 1/(-1 - 12/(-10)). Suppose 5*a - 25 = 0, 4*i - d*a = -2*a + 81. Let o = -15 + i. What are the prime factors of o?
3
Let v = 11 + 3. Let k = v + -8. List the prime factors of k.
2, 3
Let v(q) = 3*q**2 + 3*q + 1. List the prime factors of v(-4).
37
Let p = 50 - 43. Suppose -3 = 3*i - 4*i. Suppose n = -i*u - p + 35, -2*u - 2*n = -20. What are the prime factors of u?
3
Suppose 2*w - 213 = 4*o + 87, -3*o = 3*w - 441. What are the prime factors of w?
2, 37
Let y be 8/4 - 3*-1. Let s = -49 - y. List the prime factors of (5/(-15))/(2/s).
3
Suppose 14 = 4*n + w, -4*n + 2*w + 1 = -7. Suppose -5*g = s, -n*s = g - 6*s - 16. Suppose g = -b + 19. List the prime factors of b.
2, 3
Suppose 0 = -4*c + 9 + 3. Suppose 7 + c = -m. What are the prime factors of (m/35)/((-2)/14)?
2
Suppose -3*m - 5*w + 32 = 0, 0 = -4*m - 2*w + 25 - 1. Suppose -m*d = d - 105. What are the prime factors of d?
3, 7
Let g be (-111)/15 - 2/(-5). Let j be (g/3)/((-1)/3). Suppose 2*v = j*v - 60. What are the prime factors of v?
2, 3
Let z(b) = b**3 - 2*b**2 + 4*b - 4. List the prime factors of z(3).
17
Let d = 0 + 4. Suppose -b + 17 = -d*v, 0 = -b - 2*b - 4*v + 19. List the prime factors of b.
3
What are the prime factors of 4 + -4 + 2 + 134?
2, 17
Let x(v) = v**2 - 2*v - 2. Suppose -9 + 3 = -2*z. Let s be x(z). Let b = 2 + s. List the prime factors of b.
3
Suppose -3*h = h - 4*r - 28, 0 = -5*h - 4*r + 8. Suppose o = -h*w - 7, 2*o + 3*w = -o + 15. Let n = -6 + o. List the prime factors of n.
3
List the prime factors of (-8)/(-20)*5 + 27.
29
Let j = 10 + 0. What are the prime factors of j?
2, 5
Let b = -5 + 11. Suppose -2*w = 5*o - 27, b*o - 2*o - 36 = 2*w. What are the prime factors of o?
7
List the prime factors of (-247)/(-19)*(0 - -1).
13
Let n(q) = 23*q - 1. Let r be n(2). Suppose -2*a + r + 9 = 0. What are the prime factors of a?
3
Let g(p) = 6*p**2 + 3. List the prime factors of g(-4).
3, 11
Let l(j) = j**3 + 11*j**2 + 10*j + 13. What are the prime factors of l(-9)?
5, 17
Let o be (-27)/(-18)*10/3. Let m = 20 - o. List the prime factors of m.
3, 5
Let u(a) = -a - 9. Let p be u(-9). Suppose 5*o + 2 = o - 2*k, p = 2*k + 10. Suppose -1 = -o*q + 5. What are the prime factors of q?
3
Let y(s) = 17*s - 1. Let i be y(-1). Let p be (-32)/i + (-4)/(-18). Let j = p - -8. What are the prime factors of j?
2, 5
Suppose -7*i = -15*i + 80. What are the prime factors of i?
2, 5
Suppose 0 = -d - 4 + 6. Let p be 3/1*d/3. Suppose 4 - p = y. What are the prime factors of y?
2
Suppose -3*y + 2*q = -9, 3 = -0*y + y + 2*q. Let m = 5 - y. Suppose 2*z = 4*n + m, -2*z - 5*n = -0*z - 47. List the prime factors of z.
11
Let w be (-51)/(-2) - (-1)/2. Suppose -34 = -4*q + w. List the prime factors of q.
3, 5
Suppose 0*r + 3*r - 51 = 0. List the prime factors of r.
17
Suppose 0*a + 18 = a. Suppose -3*l + 2*l + a = 0. List the prime factors of l.
2, 3
Suppose 0 = n + 2*b + 9, n - b = 1 + 2. Let w(p) = 38*p**2 + 1. What are the prime factors of w(n)?
3, 13
List the prime factors of (-302)/(-8) - (-5)/20.
2, 19
Let g(y) = y**3 + 5*y**2 - 3*y + 6. Let k = -6 - -1. List the prime factors of g(k).
3, 7
Let o(t) = 187*t - 6. What are the prime factors of o(2)?
2, 23
Let m = -15 - -17. Suppose 0*u - 98 = -m*u. List the prime factors of u.
7
Let z be 3 + -2 - (0 + 0). Let m = z - -21. Suppose m = 2*q - 0*q. What are the prime factors of q?
11
Let r be 93*(-3)/(-9)*-1. Let s = r + 48. List the prime factors of s.
17
Let v(u) = -2*u - 2. Let g be v(-2). Let a(q) = 3 + 0 - 19*q - 2 - g. What are the prime factors of a(-1)?
2, 3
Let g(f) = f**3 - 7*f**2 + 9*f - 2. Suppose -25 = -3*n - 3*i - i, 0 = n - 4*i + 13. Suppose -n*b = -8*b + 30. List the prime factors of g(b).
2
Let r(s) = 40*s**3 + 2*s**2 - 3*s + 1. List the prime factors of r(1).
2, 5
Let b(i) = 3*i - 6. Let u be b(3). Suppose -78 = u*k - 6*k. What are the prime factors of k?
2, 13
Let q(b) = 8*b**2 + 9*b + 17. What are the prime factors of q(-4)?
109
Let c(l) = -10*l + 9. Suppose 0*b + b - 3 = 0, 2*b = -3*n - 3. List the prime factors of c(n).
3, 13
Let q(j) = -j**3 + j**2. Let s(k) = 5*k**3 - 3*k**2 - 3*k. Let r(b) = -6*q(b) - s(b). Let p be r(2). Suppose t - p*t + 3 = 0. What are the prime factors of t?
3
Let w = -143 + 333. List the prime factors of w.
2, 5, 19
List the prime factors of (-84)/8*(-24)/7.
2, 3
Let i(t) = -3*t + 2. What are the prime factors of i(-12)?
2, 19
Let u = 22 + -8. List the prime factors of u.
2, 7
Suppose 7 + 5 = 6*x. What are the prime factors of x?
2
Suppose -548 = -9*w + 604. List the prime factors of w.
2
What are the prime factors of (1 - (-2 - -2))*55?
5, 11
Let u(y) = y**3 + 8*y**2 + 4*y - 7. What are the prime factors of u(-5)?
2, 3
Let s(c) = -14*c - 7. What are the prime factors of s(-9)?
7, 17
Let z be 4/(-2) - 7/(-1). Suppose 0 = 3*x - z - 1, 5*j - 18 = x. Suppose 3*n - 2*n = j. List the prime factors of n.
2
Suppose -20*a = -21*a + 11. What are the prime factors of a?
11
Let l(f) = -9*f + 4. Let x(y) = -4*y + 2. Let a(d) = 3*l(d) - 7*x(d). Let h be a(-3). Let z = h - -9. List the prime factors of z.
2
Suppose m + x = -10 + 40, m - 4*x = 5. What are the prime factors of m?
5
Suppose 4 = -h, 2*h + 2*h + 11 = d. Let x = 3 - d. What are the prime factors of x?
2
Suppose 1 = -4*m + 57. List the prime factors of m.
2, 7
List the prime factors of (4 - 3) + (32 - -1).
2, 17
Let u(m) be the third derivative of m**5/60 - m**3/6 - 3*m**2. What are the prime factors of u(-5)?
2, 3
Suppose 2*z - f - 7 = 0, 4*z - 5*f - 6 = 17. Suppose 2*o = -z*o + 72. Suppose p = 3*p - o. What are the prime factors of p?
3
Suppose 0 = -2*p - 0*p + 42. What are the prime factors of p?
3, 7
Suppose -k + 24 = -5*s, 5*k - s - 24 = -0*s. List the pr